 of 383950472?
2, 47993809
What are the prime factors of 259061493?
3, 41, 2106191
What are the prime factors of 3390878?
2, 1695439
List the prime factors of 31825732.
2, 1291, 6163
List the prime factors of 47827746.
2, 3, 98411
What are the prime factors of 129770417?
7, 83, 401, 557
What are the prime factors of 418922622?
2, 3, 79, 151, 1951
List the prime factors of 468588653.
13, 31, 1162751
What are the prime factors of 466640786?
2, 17, 807337
What are the prime factors of 34683763?
37, 181, 5179
List the prime factors of 816853525.
5, 59, 317, 1747
List the prime factors of 1908671518.
2, 13, 1451, 50593
List the prime factors of 1400685633.
3, 155631737
What are the prime factors of 24871361?
19, 151, 8669
List the prime factors of 33063694.
2, 2909, 5683
What are the prime factors of 582428580?
2, 3, 5, 9707143
What are the prime factors of 18316156?
2, 4579039
What are the prime factors of 123613212?
2, 3, 10301101
What are the prime factors of 102998616?
2, 3, 7, 31, 19777
List the prime factors of 584297964.
2, 3, 1583, 10253
What are the prime factors of 330209500?
2, 5, 67, 9857
What are the prime factors of 2080849891?
4339, 479569
List the prime factors of 2036125643.
113, 977, 18443
List the prime factors of 5631433682.
2, 7, 43, 190909
List the prime factors of 3943768110.
2, 3, 5, 277, 474581
What are the prime factors of 4133765658?
2, 3, 11, 331, 189223
List the prime factors of 117745559.
117745559
What are the prime factors of 1690911006?
2, 3, 281818501
List the prime factors of 24116479.
24116479
What are the prime factors of 308657333?
8951, 34483
List the prime factors of 664309376.
2, 5189917
List the prime factors of 38694302.
2, 1367, 14153
What are the prime factors of 826154011?
4409, 187379
List the prime factors of 1160880020.
2, 5, 17, 61, 223, 251
List the prime factors of 478703197.
7, 9769453
List the prime factors of 1603444627.
26737, 59971
What are the prime factors of 4913166615?
3, 5, 7, 61, 67, 107
What are the prime factors of 92499419?
92499419
List the prime factors of 2329840976.
2, 29, 5021209
List the prime factors of 2434642.
2, 7, 23, 7561
List the prime factors of 1671242117.
5927, 281971
What are the prime factors of 907843129?
17, 367, 145511
List the prime factors of 104876447.
13, 19, 424601
List the prime factors of 401332064.
2, 7, 397, 4513
List the prime factors of 677878227.
3, 13, 47, 13697
List the prime factors of 2476688969.
19, 67, 1945553
List the prime factors of 746642346.
2, 3, 17, 7320023
List the prime factors of 4270503586.
2, 18121, 117833
List the prime factors of 202115098.
2, 181, 601, 929
What are the prime factors of 153772479?
3, 7, 821, 991
List the prime factors of 31366106.
2, 15683053
List the prime factors of 132644338.
2, 66322169
List the prime factors of 2783973520.
2, 5, 971, 35839
What are the prime factors of 1220447664?
2, 3, 37, 157, 1459
List the prime factors of 46062458.
2, 13, 1771633
List the prime factors of 206562190.
2, 5, 20656219
What are the prime factors of 59398706?
2, 101, 294053
List the prime factors of 555628543.
953, 583031
What are the prime factors of 41297795?
5, 7, 11, 67, 1601
List the prime factors of 1314178072.
2, 164272259
What are the prime factors of 314818546?
2, 7, 17, 1322767
List the prime factors of 236754318.
2, 3, 23, 29, 59159
What are the prime factors of 167894313?
3, 55964771
What are the prime factors of 420626028?
2, 3, 19, 661, 2791
List the prime factors of 264904184.
2, 33113023
What are the prime factors of 1253639587?
23, 37, 43, 34259
What are the prime factors of 282420160?
2, 5, 11, 80233
List the prime factors of 319359095.
5, 11, 61, 95189
What are the prime factors of 1717064294?
2, 11, 17, 417371
List the prime factors of 1043459648.
2, 7, 11, 211741
What are the prime factors of 472650315?
3, 5, 31510021
What are the prime factors of 9700303?
31, 211, 1483
What are the prime factors of 34843588?
2, 13, 43, 15583
What are the prime factors of 278401455?
3, 5, 76379
List the prime factors of 1313992466.
2, 1217, 539849
List the prime factors of 1506651302.
2, 13, 139, 353, 1181
What are the prime factors of 7227551?
7227551
What are the prime factors of 676216220?
2, 5, 661, 51151
What are the prime factors of 69178324?
2, 17294581
What are the prime factors of 1772453385?
3, 5, 39387853
List the prime factors of 1690344006.
2, 3, 13, 19, 31, 36793
What are the prime factors of 557262431?
11, 17, 449, 6637
What are the prime factors of 1544065164?
2, 3, 23, 59, 31607
What are the prime factors of 303402503?
1669, 181787
List the prime factors of 20396963.
20396963
List the prime factors of 72920832.
2, 3, 94949
List the prime factors of 1098676639.
1098676639
List the prime factors of 409481318.
2, 4327, 47317
List the prime factors of 5174146847.
2131, 2428037
List the prime factors of 939025178.
2, 7, 13, 396883
What are the prime factors of 33525577?
41, 817697
What are the prime factors of 68832753?
3, 11, 2085841
What are the prime factors of 252204026?
2, 2531, 49823
What are the prime factors of 2537086979?
7, 83, 1559, 2801
What are the prime factors of 320455237?
223, 1437019
What are the prime factors of 864059487?
3, 288019829
List the prime factors of 286718487.
3, 11, 877, 9907
List the prime factors of 230027758.
2, 4253, 27043
List the prime factors of 456501689.
7, 2749, 3389
What are the prime factors of 3753954455?
5, 31, 24219061
List the prime factors of 98262761.
3613, 27197
List the prime factors of 1177541314.
2, 588770657
List the prime factors of 1322211475.
5, 13, 4068343
What are the prime factors of 245520183?
3, 81840061
What are the prime factors of 14471750?
2, 5, 107, 541
List the prime factors of 71399712.
2, 3, 743747
What are the prime factors of 272639449?
157, 1736557
What are the prime factors of 16848386?
2, 8424193
List the prime factors of 181917321.
3, 2447, 24781
List the prime factors of 33749656.
2, 4218707
What are the prime factors of 293594231?
7, 29, 307, 673
List the prime factors of 31259576.
2, 23, 169889
List the prime factors of 471452770.
2, 5, 47, 1003091
List the prime factors of 620721718.
2, 239, 1298581
What are the prime factors of 244679107?
244679107
List the prime factors of 2501826949.
2501826949
List the prime factors of 285541287.
3, 95180429
List the prime factors of 21249931.
41, 518291
What are the prime factors of 26935654?
2, 19, 37307
List the prime factors of 323077838.
2, 61, 599, 4421
List the prime factors of 1832135473.
7, 261733639
List the prime factors of 88619129.
88619129
What are the prime factors of 4255853738?
2, 19, 37, 107, 28289
What are the prime factors of 2321725827?
3, 9539, 81131
What are the prime factors of 39596001?
3, 13198667
What are the prime factors of 231047482?
2, 73, 1582517
What are the prime factors of 2059071143?
101, 20386843
List the prime factors of 30454671.
3, 13, 780889
List the prime factors of 799176978.
2, 3, 44398721
What are the prime factors of 19009302?
2, 3, 13, 243709
What are the prime factors of 641882912?
2, 11, 1823531
List the prime factors of 154649527.
17, 109, 83459
What are the prime factors of 755874581?
7, 11, 31, 316663
What are the prime factors of 76771197?
3, 8530133
List the prime factors of 20479335.
3, 5, 1365289
What are the prime factors of 20554429?
7, 71, 41357
What are the prime factors of 4281050612?
2, 20693, 51721
What are the prime factors of 655981476?
2, 3, 107, 510889
List the prime factors of 67891482.
2, 3, 3771749
What are the prime factors of 164109969?
3, 313, 6473
What are the prime factors of 437602773?
3, 4813, 30307
List the prime factors of 952951265.
5, 7, 167, 23291
List the prime factors of 8302161809.
97, 85589297
What are the prime factors of 287579077?
5101, 56377
What are the prime factors of 310039274?
2, 155019637
List the prime factors of 84271733.
7, 13, 31, 29873
List the prime factors of 8288971.
263, 31517
List the prime factors of 512233769.
512233769
List the prime factors of 579533595.
3, 5, 71, 571, 953
List the prime factors of 1222875812.
2, 14153, 21601
List the prime factors of 104953453.
11, 9541223
What are the prime factors of 109128736?
2, 47, 72559
List the prime factors of 166388560.
2, 5, 13, 139, 1151
